c).
3
Let d(l) = -10*l + 3. Suppose -2*g - 4 = -14. Let m(v) = -5*v + 2. Let k(b) = 1. Let x(a) = k(a) - m(a). Let t(i) = g*x(i) + 2*d(i). Determine t(-3).
-14
Let n(v) = -7*v + 4. Let l(g) = 8*g - 5. Let b(f) = 3*l(f) + 4*n(f). Let z be 2 + 3 + -2 - (19 - (-252)/(-18)). Determine b(z).
9
Let m(n) = -3*n**2 + 80*n + 553. Let u(w) = 11*w**2 - 238*w - 1667. Let t(v) = 7*m(v) + 2*u(v). Give t(-7).
-2
Let m(j) be the second derivative of 23*j**5/60 - j**4/24 + j**3/6 + 7*j**2 + 53*j. Let o(v) be the second derivative of m(v). Calculate o(1).
45
Suppose -11*g + 7*g = -y - 13, 3*y + 18 = 5*g. Let b(a) = g + 2*a - 4*a**2 + 17*a**2 - 12*a**2. What is b(-2)?
3
Let o(d) = -d**2 - 10*d + 8. Suppose 5*i = -5*m + 20, 3*i + 4 = -2*m + 8. Let a(v) = 5*v - 51. Let l be a(m). Determine o(l).
-3
Let s(u) = -u**3 + 4*u**2 - u + 6. Let i be s(5). Let f(p) = -2*p**2 - 49*p - 22. Let q be f(i). Let r(t) = -5 + 3 - 3*t**q + 2*t**2 + t + t. Calculate r(3).
-5
Suppose -2*q - 10 = -3*s + 2*q, -5*s + 26 = -2*q. Let z(j) = -s + 2 - 1 + 2*j. What is z(5)?
5
Let b(y) = -6 + 10 - 5*y**2 + 2*y + 3*y**3 - 7*y - 1. Let s be b(4). Let x = -87 + s. Let t(z) = -z + 10. Give t(x).
2
Let a(s) = -s**3 - 5*s**2 + 17*s - 19. Let f be 7/(-2)*640/(-64)*(-4)/20. Give a(f).
-40
Let u = 109 - 106. Suppose 2*y - 5*y = -3*r + 3, 4*r - 5 = u*y. Let m(i) = 2 + 2 + 0*i + i + y. Determine m(-4).
1
Let u(v) = -v**3 - 9*v**2 - 7*v. Suppose 21308*w - 21303*w + 40 = 0. Determine u(w).
-8
Let s(y) be the second derivative of y**4/12 - 17*y**3/6 + 4*y**2 + 9*y + 2. Let g be s(7). Let c = g + 52. Let q(j) = -j**3 - 9*j**2 + 10*j - 6. What is q(c)?
-6
Let b(i) = 82 + i**2 + 3*i - 6*i - 3*i - 20*i. Let f be b(4). Let h(t) = -2*t - 3. Give h(f).
9
Let s(i) = -16*i - 77. Let f(c) = -15*c - 76. Let h(b) = -6*f(b) + 5*s(b). Let z be h(-8). Let j(k) = k**3 + 10*k**2 + 10*k + 2. What is j(z)?
-7
Suppose 2*g = 3*b - 4, -5*b - 14 = -4*g - 20. Let o(t) = -t**3 - 2*t**2 + 4*t + 3. What is o(b)?
-5
Let j(h) be the first derivative of -53 + 3*h + 46*h**2 - 49 - 39*h**2. What is j(-2)?
-25
Let f(u) = 34*u + 29. Suppose 320 = 373*w + 693. Calculate f(w).
-5
Let z = -7118 + 7127. Let r(b) = b**3 - 11*b**2 + 21*b - 8. Determine r(z).
19
Let w(d) = -11*d + 33. Let u(m) = -29*m + 71. Let c(f) = 2*u(f) - 5*w(f). What is c(-20)?
37
Let x(b) = -16*b - 2*b**3 + 136 - 9*b**2 + 13*b - 130. Calculate x(-4).
2
Let j(x) = x + 21. Let r = -619 - -601. Let v be j(r). Let n(l) = 2*l**3 - 3*l**2 + 3*l - 4. Determine n(v).
32
Let p(b) = b - 10. Let r(w) = -w**2 - 12*w + 138. Let k be r(7). Calculate p(k).
-5
Let k(p) = 49*p**2 + 3*p - 2. Let x = 5897 + -5896. What is k(x)?
50
Let m(f) = -58*f - 803*f**2 + 66 + 805*f**2 + 24*f. Give m(15).
6
Let z(w) = -w**3 + 4*w**2 + 3. Suppose 9*o = -4*d - 24, -4*d - 8 = 32*o - 27*o. Give z(d).
12
Let f(o) = 12*o - 258. Let z = 27880 + -27860. Calculate f(z).
-18
Let c(n) = 32*n**3 - 69*n**2 + 135*n + 169. Let z(i) = -14*i**3 + 34*i**2 - 67*i - 75. Let y(a) = 3*c(a) + 7*z(a). Give y(13).
-5
Let i = -14292 + 14295. Let h(z) = -14*z + 16. Give h(i).
-26
Let r(n) be the second derivative of -9*n**3/2 + 2*n**2 + 2*n - 445. What is r(1)?
-23
Let o = -662 - -667. Suppose 71 = o*d + 61. Let c(m) = -m**2 - 2*m - 1. Determine c(d).
-9
Suppose 3*r - 65 = 4*k, -k + 35 = 4*r + 4*k. Let i(v) = 2*v**2 + 3*v + 4. Let q be i(-2). Let l be q/r*15/(-6). Let w(z) = -13*z + 1. What is w(l)?
14
Let h(j) = 3*j**2 - 19*j - 30. Let o(z) = -z**3 + 4*z**2 + 61*z + 14. Let c be o(-6). Determine h(c).
10
Let k(c) be the first derivative of 3*c**2/2 + 4*c + 950. Determine k(10).
34
Let i be (48/(-18))/((-4)/(-6)). Let z(d) be the second derivative of d**5/20 + d**4/4 - d**3/2 + 5*d**2/2 + 3*d. Determine z(i).
1
Suppose 8*d - 24*d = 32. Let k(a) = -6*a**2 - 4*a - 3. Calculate k(d).
-19
Let h(a) = 7*a**2 - 10*a + 71. Let l(m) = 15*m**2 - 21*m + 160. Let y(o) = -9*h(o) + 4*l(o). Give y(5).
-44
Let v(u) = -u**2 - 16*u + 17. Suppose 787 = -133*q - 1474. Determine v(q).
0
Let r be (-16 - -13)/(1/(-1)). Suppose 32*g - 29*g - r = 0. Let f(w) = -4*w**3 + g - 38*w**2 - 42*w**2 + w + 81*w**2 + 0*w**3. Determine f(-1).
5
Let t(r) be the first derivative of r**6/120 - 2*r**5/15 + r**4/8 + r**3/6 + 5*r**2 + r - 46. Let w(v) be the second derivative of t(v). Calculate w(7).
-27
Suppose -155 + 64 = -7*q. Let x be 4/26 - (-10)/(-65). Let b(g) = x*g - 8 - g + 2*g. Calculate b(q).
5
Let p(l) = -l - 3. Suppose 34*h - 425 = 9*h. Suppose -3*o + h = 26. Determine p(o).
0
Let w(z) = z - z + z**2 - z + 1. Let g = 180 - 180. Suppose g = -80*j + 85*j - 10. Determine w(j).
3
Let v be (-7 - -5 - -2)/(-3 - -1). Suppose v = 6*d - 3*d - 15. Suppose -d - 1 = -6*t. Let n(l) = 4*l**2 - l. Calculate n(t).
3
Let z = 20 - 19. Let h be -3 + 6 + (z + 0)/(-1). Let g(r) = -1 + 29*r - 17*r - 8*r + 0 + r**h. Determine g(-5).
4
Let r(p) = p + 17. Suppose 22*d = -7489 + 7819. Give r(d).
32
Let v(b) = -27*b - 14*b + 43*b - b - 20. Give v(14).
-6
Let n(z) = -94*z + 73. Let t(q) = -29*q + 25. Let i(k) = -4*n(k) + 13*t(k). What is i(0)?
33
Let i = -1103/1005 - -78/67. Let n(p) be the third derivative of 0*p - i*p**5 + 1/120*p**6 - 1/24*p**4 + 0 - 5*p**2 - 1/2*p**3. Give n(4).
-7
Let m(h) = -12*h - 6. Let o be m(-1). Let c be -3 + (7 - (-3 + o) - 3). Let i(w) = -2*w**3 - w**2 + 4*w. Determine i(c).
4
Let i be 2/(-6) + ((-420)/18)/5. Let x(o) = o + 18. Give x(i).
13
Let x = -1 + 1. Let y = 377 - 375. Let h(g) = 2 + y*g - 3*g - 14 - 4. What is h(x)?
-16
Let x(d) = 2*d**2 - 2*d - 2. Let i(p) be the first derivative of -p**3/3 + p - 19. Let y(t) = 3*i(t) + x(t). Suppose 10*j - 42 = -12. Give y(j).
-14
Let g(b) be the second derivative of -b**3/3 + 7*b**2/2 + 2*b + 36. Let f(q) = q - 7. Let c be f(10). What is g(c)?
1
Let h(m) be the third derivative of 3*m**4/8 + m**3/6 - 3*m**2 - 11*m + 1. Calculate h(-1).
-8
Let g(r) = -15*r**2 + 8*r + 10. Let m(u) = -26*u**2 + 17*u + 20. Let k(s) = -7*g(s) + 4*m(s). Determine k(-5).
-25
Let y(d) be the first derivative of -d**4/4 + d**3 + d**2 + 4*d - 1. Suppose -q - x - 1 = 0, -4*x = -2*q + x + 33. Suppose -9 - 7 = -q*g. Give y(g).
-4
Let v(x) = -x + 56611 - 3*x**2 - 56591 + 6*x**2. Calculate v(4).
64
Suppose -252 - 8 = 65*s. Let q(t) = -15*t - 16. Determine q(s).
44
Let v(h) = -h - 8*h - 3 + 0*h - h**2. Let j(f) = 73*f**2 - 52*f - 4. Let g be j(0). What is v(g)?
17
Suppose 108*q = -473 + 41. Let i be 12/(-30) + (-32)/(-5). Let k(j) = -8 + 2*j + j**2 + i + j - j. Determine k(q).
6
Let o(r) = -r**2 + 5. Let c be 12*-2*(-8)/(-64). Give o(c).
-4
Let l(s) = s**3 - 8*s**2 - 7*s + 23. Suppose 12*y - 28 = 10*y + 2*u, 4*u = -5*y + 16. Give l(y).
-33
Let m(s) = s**2 - s - 23. Suppose 2*w - 4*p = -2*p + 8, -6 = -3*p. Suppose -2*d - 5*q = 0, 0 = 3*d - w*d - 3*q. Give m(d).
-23
Let b(m) be the second derivative of 1/20*m**5 + 0 - 5/12*m**4 - 5/2*m**2 + 4*m + 1/6*m**3. Suppose 0 = -28*x + 25*x + 15. What is b(x)?
0
Let a(p) be the second derivative of p**3 + 26*p**2 - 3*p - 1. What is a(-9)?
-2
Let p be 3/2*(-1332)/(-222). Let i(h) = h**2 - 4*h - 40. Give i(p).
5
Let k(t) = t**2 + 19*t - 39. Let s be k(-21). Let m(l) = -l**2 + 7*l + 3. Let v(c) = -c**2 + 5*c + 2. Let i(g) = -3*m(g) + 4*v(g). Give i(s).
-13
Let h(o) = o**2 + 14*o + 1. Suppose 59*u - 3204 = 53*u. Let l = -547 + u. What is h(l)?
-12
Let p = -91 - -93. Suppose 0 = -2*o + p*f, 3*o + 3*f = -0*o + 30. Suppose -o*i = -8 - 2. Let l(t) = 3*t**2 - t - 2. What is l(i)?
8
Suppose -7 = -c - 2*j, -4*j = -4*c - 76 + 104. Let v(y) = -y**3 + 6*y**2 + 7*y. What is v(c)?
0
Let q(b) = b**3 - 12*b**2 + 2*b - 20. Suppose 23*x + 36 = 27*x - 12. Determine q(x).
4
Let l = -4713 - -4717. Let s(w) = -3*w + 6. What is s(l)?
-6
Suppose 6570*y = 6537*y + 165. Let s(w) = -w**2 + 6*w - 1. Give s(y).
4
Let j(y) = 2*y**3 - 19*y**2 - 33*y - 24. Let r = -35804 - -35815. Give j(r).
-24
Let w(i) = 30*i**2 - 21*i - 19. Let j(u) = 14*u**2 - 10*u - 9. Let d(l) = 36*l + 265. Let a be d(-7). Let q(b) = a*j(b) - 6*w(b). Give q(4).
13
Suppose -k + 86*f - 13 = 88*f, 2*k = -3*f - 21. Let j(m) = m**3 + 7*m**2 + 8*m. Determine j(k).
12
Suppose -h = -0 + 1. Let i(l) = -l. Let s(v) = 2 + 5*v + 3 + 0. Let z(c) = h*s(c) - 4*i(c). Give z(-7).
2
Suppose 12 - 14 = -8*l - 2. Let t(b) be the third derivative of 0*b - 5/6*b**3 + 23*b**2 + 5/24*b